 -k**3 - 10*k**2 + 5*k + 31. Determine f(-10).
-19
Let i(w) = 5*w**2 - 36*w + 16. Give i(13).
393
Let t(x) = 150*x + 450. What is t(-3)?
0
Let r(j) = -13*j**2 - 876*j + 629. Determine r(-68).
85
Let j(y) = 94*y**2 - 526*y - 255. Determine j(6).
-27
Let p(r) = 2*r**2 + 302*r + 10167. What is p(-100)?
-33
Let m(n) = 2*n**2 + 173*n + 2149. Give m(-15).
4
Let n(y) = -2*y**2 - 4*y + 138. What is n(-12)?
-102
Let u(h) = -2*h**2 + 305*h + 2567. Determine u(-8).
-1
Let o(u) = -u**3 + 149*u**2 + 615*u - 464. What is o(153)?
-5
Let k(t) = 12*t**2 + 253*t - 18. Determine k(-21).
-39
Let v(r) = 7*r**2 - 37*r - 5. Calculate v(-5).
355
Let k(d) = d**3 - 5*d**2 + 4*d + 6. Determine k(8).
230
Let i(q) = 19*q + 1254. What is i(-61)?
95
Let u(o) = 2*o + 28. Give u(11).
50
Let x(f) = -4*f + 24. Calculate x(19).
-52
Let r(n) = -32*n + 37. Calculate r(10).
-283
Let c(v) = -184*v - 281. Give c(-1).
-97
Let d(k) = 228*k - 22556. Calculate d(99).
16
Let s(b) = -2*b**3 - 55*b**2 - 29*b + 14. Determine s(-27).
68
Let o(q) = 324*q + 4197. What is o(-13)?
-15
Let j(g) = -4*g**2 + 213*g - 447. Give j(51).
12
Let n(s) = -4164*s - 20841. Determine n(-5).
-21
Let p(d) = 11*d**3 - 32*d**2 - 7*d + 18. Give p(3).
6
Let x(s) = 96*s + 689. What is x(-4)?
305
Let b(c) = c**2 - 28*c - 149. Determine b(16).
-341
Let q(p) = -p**2 + 84*p - 1146. Give q(42).
618
Let k(v) = -128*v**3 + v**2 + 47*v + 87. What is k(-2)?
1021
Let s(f) = 3*f**2 - 9*f - 39. Determine s(7).
45
Let x(m) = 26*m**2 + 136*m + 2. Calculate x(-5).
-28
Let r(g) = g**2 + g + 60. Determine r(12).
216
Let h(n) = -19*n**2 + 2278*n + 245. What is h(120)?
5
Let w(r) = 2*r**3 - 11*r**2 - 5*r + 5. What is w(0)?
5
Let m(f) = 69236*f - 207715. What is m(3)?
-7
Let s(r) = -18*r - 802. Calculate s(-53).
152
Let y(m) = m**3 + 14*m**2 + 27*m - 22. What is y(-14)?
-400
Let w(q) = q**2 + 55*q - 767. Determine w(-65).
-117
Let t(n) = -n**3 + 82*n**2 + 249*n + 516. Give t(85).
6
Let r(c) = -114*c - 4127. What is r(-36)?
-23
Let a(n) = -n**3 + 32*n**2 - 257*n - 1. What is a(10)?
-371
Let z(r) = r**3 - 46*r**2 + 183*r + 53. Calculate z(42).
683
Let p(o) = 8*o**3 - 249*o**2 + 66*o - 1089. Give p(31).
-4
Let b(r) = -r**3 + 22*r**2 - 24*r - 85. Give b(20).
235
Let c(q) = -q**3 - 30*q**2 + 99*q + 37. Determine c(-33).
37
Let i(v) = v**2 + 80*v - 5. What is i(0)?
-5
Let d(t) = 1532*t + 7665. What is d(-5)?
5
Let t(w) = w**3 - 30*w**2 + 115*w - 54. Give t(25).
-304
Let v(d) = 21*d - 114. Give v(6).
12
Let h(g) = -263*g - 1. Determine h(1).
-264
Let m(v) = -2*v**2 - 833*v - 21031. Calculate m(-27).
2
Let m(q) = -31*q**2 - 154*q + 153. Calculate m(1).
-32
Let x(g) = g**3 - 95*g**2 + 24*g - 2289. Calculate x(95).
-9
Let w(j) = j**3 + 78*j**2 + 272*j - 1781. What is w(-74)?
-5
Let t(s) = -s**3 - 26*s**2 + 221*s + 30. Calculate t(7).
-40
Let j(q) = -3*q**2 - 4*q + 4. What is j(5)?
-91
Let k(f) = -3*f**2 - 37*f - 46. Determine k(-2).
16
Let t(p) = -p**3 + 8*p**2 - 43. Determine t(7).
6
Let f(v) = -75*v + 969. Give f(13).
-6
Let g(b) = -20*b - 66. What is g(-6)?
54
Let c(g) = 16*g + 271. Calculate c(10).
431
Let i(a) = -3*a**2 - 74*a - 204. What is i(-23)?
-89
Let i(j) = j**2 + 1391*j + 16536. Determine i(-12).
-12
Let l(x) = x**3 - 20*x**2 - 73*x + 50. Calculate l(23).
-42
Let s(v) = -4*v**3 + 561*v**2 - 160*v + 2796. What is s(140)?
-4
Let l(d) = -53*d - 314. Calculate l(-6).
4
Let s(a) = 79*a - 136. Determine s(1).
-57
Let j(g) = -g**2 - 95*g - 1980. What is j(-64)?
4
Let z(u) = 3*u**3 + 77*u**2 + 119*u - 31. Determine z(-24).
-7
Let b(y) = -y**3 - 6*y**2 + 26*y + 61. Calculate b(-7).
-72
Let a(g) = -77*g - 3783. Determine a(-49).
-10
Let v(p) = -6*p**3 + 65*p**2 + 84*p + 4. Determine v(12).
4
Let f(p) = -2*p**2 + 76*p + 16. Determine f(36).
160
Let s(q) = q**3 + 12*q**2 + 6*q + 500. Determine s(-15).
-265
Let n(i) = -4*i**3 - 23*i**2 - 9*i + 6. Calculate n(-5).
-24
Let p(j) = 2*j**2 - 28*j + 61. Determine p(11).
-5
Let y(f) = -35*f + 558. Give y(16).
-2
Let c(m) = 77*m - 393. Give c(5).
-8
Let w(h) = -h**2 - 90*h - 916. What is w(-76)?
148
Let f(w) = w**2 + 4*w - 77. Calculate f(6).
-17
Let j(w) = -26*w**2 + 12*w + 12. Determine j(-1).
-26
Let j(l) = -2*l**3 + 19*l**2 - 8*l - 15. What is j(9)?
-6
Let a(w) = 3*w**3 + 145*w**2 - 93*w + 248. Calculate a(-49).
3
Let p(f) = f**2 - 566*f - 5750. Determine p(-10).
10
Let r(p) = 4*p**2 + 15*p - 43. Give r(2).
3
Let z(v) = -v**2 + 23*v + 13. Calculate z(-5).
-127
Let r(s) = -s**2 + 21*s - 100. Calculate r(14).
-2
Let q(h) = h**3 - 33*h**2 + 139*h - 1484. Calculate q(30).
-14
Let q(k) = -k**2 - 31*k + 130. Calculate q(-35).
-10
Let f(v) = v**2 + 84*v - 1602. Calculate f(-100).
-2
Let b(m) = 381*m + 25152. Determine b(-66).
6
Let q(y) = 2*y**2 - y + 4. Give q(-1).
7
Let y(v) = -42*v + 929. Give y(22).
5
Let v(l) = -l**3 + 85*l**2 - 85*l - 117. Determine v(84).
-201
Let n(y) = -y**3 - 13*y**2 + 336*y + 4375. What is n(-13)?
7
Let f(z) = -14*z + 689. Calculate f(21).
395
Let v(j) = 14*j**3 + 21*j**2 - 4*j. Give v(-2).
-20
Let v(x) = -12*x**2 - 175*x - 79. Calculate v(-14).
19
Let t(k) = 9*k**2 - 26*k + 4. Give t(5).
99
Let i(s) = 66*s + 181. Calculate i(3).
379
Let a(l) = -9*l + 358. Determine a(43).
-29
Let f(p) = p**3 + 115*p**2 + 2552*p + 170. What is f(-85)?
0
Let f(v) = -v**3 - 18*v**2 + 54*v + 13. Give f(6).
-527
Let t(a) = -88*a**3 + 4*a + 4. Determine t(-1).
88
Let q(z) = -z**2 - 9*z + 36. What is q(-10)?
26
Let k(b) = b**3 - b**2 - 63*b - 252. Give k(-4).
-80
Let g(n) = -177*n + 76. Determine g(1).
-101
Let o(l) = 105*l - 2845. Give o(27).
-10
Let w(h) = 790*h - 2377. Calculate w(3).
-7
Let z(k) = 385*k - 1. What is z(1)?
384
Let c(u) = 2*u**3 + 51*u**2 - 73*u + 54. Calculate c(-27).
-162
Let w(y) = y**2 - 146*y - 374. Calculate w(149).
73
Let x(w) = 76*w + 3607. Give x(-48).
-41
Let p(x) = 80*x - 2175. What is p(28)?
65
Let j(l) = l**3 - 41*l**2 + 149*l + 10. Determine j(37).
47
Let z(s) = 1206*s + 43491. Determine z(-36).
75
Let z(x) = -x**2 - 33*x + 2961. Give z(-73).
41
Let q(y) = -119*y - 43. Determine q(0).
-43
Let m(f) = f**3 - 81*f**2 + 1632*f - 2304. Calculate m(48).
0
Let b(l) = -2*l**3 + 9*l**2 - 17*l + 41. What is b(4)?
-11
Let p(i) = -4*i**2 - 2458*i + 24981. What is p(10)?
1
Let d(z) = -z**3 - 56*z**2 - 55*z - 49. Give d(-55).
-49
Let h(d) = -2*d**3 - 15*d**2 - 37*d - 29. Give h(-5).
31
Let w(b) = -b**2 + 10*b + 32. Determine w(16).
-64
Let y(n) = 2*n**3 + 18*n**2 - 30*n + 9. Calculate y(-11).
-145
Let s(z) = 258*z - 1491. Calculate s(8).
573
Let n(y) = -2*y**2 - 48*y - 191. Determine n(-5).
-1
Let x(j) = -7*j**2 - 137*j - 66. Determine x(-18).
132
Let q(m) = m**2 - 4*m - 44. Give q(-7).
33
Let h(v) = -18*v**3 + 3*v + 9. Give h(3).
-468
Let t(i) = 651*i - 1441. Calculate t(2).
-139
Let d(f) = f**2 - 7*f + 26. Give d(0).
26
Let c(m) = -1683*m + 8392. Calculate c(5).
-23
Let o(q) = -q**3 - 17*q**2 + 27*q - 110. Determine o(-18).
-272
Let q(s) = -s**2 - 46*s + 1184. What is q(18)?
32
Let b(x) = -116*x + 351. Determine b(3).
3
Let s(j) = 629*j - 6181. Calculate s(10).
109
Let z(x) = 83*x + 411. Determine z(-5).
-4
Let r(v) = 4*v**2 + 68*v - 91. Determine r(-19).
61
Let x(i) = i**3 + i**2 - 4*i + 45. Determine x(0).
45
Let s(r) = 1516*r - 285015. Calculate s(188).
-7
Let t(q) = 84*q - 15454. Give t(184).
2
Let k(f) = -f**2 + 34*f - 276. Calculate k(15).
9
Let k(i) = i**3 - 5*i**2 - 23*i + 8. Calculate k(-3).
5
Let k(g) = 68*g + 2578. Calculate k(-38).
-6
Let k(n) = -4*n**2 + 16*n + 46. Give k(-5).
-134
Let m(q) = -112*q - 230. Calculate m(-2).
-6
Let p(n) = -96*n - 4431. Calculate p(-46).
-15
Let y(u) = -32*u + 39. What is y(-6)?
231
Let k(q) = 46*q + 390. Determine k(-18).
-438
Let d(w) = -345*w - 6892. Calculate d(-20).
8
Let i(j) = -582*j - 3500. What is i(-6)?
-8
Let g(n) = 1103*n - 6618. Calculate g(6).
0
Let o(f) = 2*f**3 + 15*f**2 + 10*f + 28. Determine o(-7).
7
Let f(s) = -2*s**3 - 64*s**2 - 77*s - 472. Give f(-31).
-7
Let k(u) = 2*u**3 + 52*u**2 + u - 38. Determine k(-26).
-64
Let x(c) = -c**3 - c**2 + 8*c - 62. Determine x(-5).
-2
Let k(s) = -9*s**2 - 5*s - 8. Give k(2).
-54
Let v(q) = 831*q - 4140. Give v(5).
15
Let z(k) = -1126*k - 1128. What is z(-1)?
-2
Let y(l) = l**2 + 481*l + 20010. What is y(-46)?
0
Let g(n) = -531*n - 3739. What is g(-7)?
-22
Let o(u) = 10*u - 378. 